9/(-24). What is the tens digit of k/(-22)*1*22?
7
Suppose 0 = 9*w + 14*w + 19757. Let y = -600 - w. What is the hundreds digit of y?
2
Suppose 4*x + 3*g - 71 = 0, -3*x = -4*g - 6 - 16. Suppose -5*p = -x*p. Suppose -2*j + p*j = 5*a - 286, -2*a = 2*j - 298. What is the hundreds digit of j?
1
Suppose -6*p + 244 = -2*p. Let f be (-3)/((-399)/(-252) - 15/18). What is the tens digit of 2/((f/p)/(-4))?
2
Suppose -16 + 52 = 4*v. Suppose -v*q = -4*q + 275. Let z = 181 + q. What is the tens digit of z?
2
Let m = 3175 + -844. What is the units digit of m?
1
Let g be -62*(-2)/(-12)*9. Let u = 85 + g. What is the units digit of (101 - (u + 4)) + 0?
5
Suppose z - 4*r = 4608, -r + 4784 = -4*z + 23126. What is the thousands digit of z?
4
Suppose -5953 = -9*n - 463. Suppose -5*o - 3*s = -n, 4*s - 488 = -4*o + 2*s. What is the hundreds digit of o?
1
Let k(f) = -8*f - 8. Let b be (16/(-24))/(3/9). Let g be (-2)/12*87 - 3/b. What is the units digit of k(g)?
6
Suppose 12 = -4*b + 68. Suppose 5*v = 3*v + 3*r + 18, 2*v - 2*r - b = 0. Suppose -3*f + v*p = -303, -2*f + 150 = p - 43. What is the tens digit of f?
9
Let h(c) = 3*c**3 - 55*c**2 + 19*c + 14. Let i be h(20). Suppose 69*f + i = 76*f. What is the tens digit of f?
4
Let n be 1/(-3*1/1029). Let g = n + 539. Suppose -2*s + d = -0*d - 132, 3*s - d = g. What is the tens digit of s?
6
Let j(t) = 8*t**3 + 21*t**2 + 6*t - 11. What is the tens digit of j(11)?
4
Suppose -82540 = -2*r - 4*n + 27120, 3*r + 3*n = 164472. What is the thousands digit of r?
4
Let g(b) be the second derivative of b**4/4 - 8*b**3/3 - 33*b**2 - 103*b. What is the hundreds digit of g(-17)?
0
Suppose 0 = -31*o - 18*o - 49. Let h(k) = -515*k + 32. What is the hundreds digit of h(o)?
5
Suppose -25662 - 34756 = -15*p + 29207. What is the hundreds digit of p?
9
Suppose -14*s + 33*s - 24514 = 198888. What is the thousands digit of s?
1
Let l be 3189/75*5 - (-2)/5. Let y = l - 205. What is the units digit of y?
8
Let q(x) be the first derivative of x**3/3 - 3*x**2/2 - 37*x + 77. What is the units digit of q(-18)?
1
Suppose 3*q - 43 - 119 = 0. Suppose 0 = -8*h - q + 2798. Suppose 6*g + 109 = h. What is the tens digit of g?
3
Suppose -3*r = -2*x - 504, -r + 0*x + x + 167 = 0. Let w = 835 - r. What is the tens digit of w?
6
Let o = 2 + 16. Let r = 62 + o. Let v = -47 + r. What is the tens digit of v?
3
Let w = 2126 + -3710. Let x = w + 3101. What is the hundreds digit of x?
5
Let a = 32 + -16. Let x(y) = y**2 - 14*y - 24. Let l be x(a). Suppose 976 - l = 11*s. What is the units digit of s?
8
Suppose -34*c - 42*c + 7*c + 550689 = 0. What is the hundreds digit of c?
9
Let x(q) = -6 + 80*q**2 - 17*q - 79*q**2 - 4. What is the hundreds digit of x(-7)?
1
What is the tens digit of (-6)/(360/(-259970))*6?
9
Let v(l) = l**2 + 8*l - 222. What is the units digit of v(-43)?
3
Suppose 0 = -22*k + 3*k + k + 47304. What is the units digit of k?
8
What is the thousands digit of 2*3 + 966735/279?
3
Let z be 158 - (-10)/(-2 + -3 + 3). Let t = z - -148. What is the hundreds digit of t?
3
Suppose 3026716 + 715034 = 25*w. What is the units digit of (-3 - (-10)/6)*w/(-120)?
3
Let a(n) = 238*n**3 + 16*n**2 + 19*n - 69. What is the units digit of a(5)?
6
Suppose 5*s - 7 = 13. Suppose -1 = s*d - 3*c, -c = -d - 0 - 1. Let x(p) = 20*p + 5. What is the units digit of x(d)?
5
Let w(p) = -p**2 - 14*p + 34. Let m be w(-16). Suppose 342 = m*j - 314. What is the units digit of j?
8
Let i = -110 + 170. Let m(t) = 11*t + 17*t**2 + 90 + t**3 - 45 - i. What is the units digit of m(-16)?
5
Suppose c = 2*b - 2081, 3*c = 4*b - 5779 + 1620. Suppose -1244 = -6*z + b. What is the units digit of z?
1
Let j(i) = 67*i - 259. Let o(s) = 336*s - 1298. Let v(l) = -16*j(l) + 3*o(l). What is the hundreds digit of v(-20)?
5
Let c be (-2229)/(-17) - 60/510. Let l = c - -496. What is the units digit of l?
7
Let b = -5 - -8. Suppose 2*v = -b*k + 16, 2*k + 0*k = 4. Suppose v*m - 4*t - 435 = 0, -t + 460 = 3*m + 2*m. What is the units digit of m?
1
Suppose -p - 5493 = -f, -24*p + 5502 = f - 22*p. Suppose y - f = -7*y. What is the units digit of y?
7
Let a(g) = -g**3 + 18*g**2 + 18*g + 28. Let u be a(19). Suppose -h = u*h. What is the units digit of 4 + 36/(2 - h)?
2
Let y(z) = z**2 - 150*z - 31. What is the hundreds digit of y(-14)?
2
Let y(i) = -i**3 + 10*i**2 - 10*i - 1. Let g(k) = k. Let n be g(7). Let c be y(n). Suppose 0 = -2*f + c - 18. What is the units digit of f?
9
Let n be (-3)/(-4 - 2) - (-23)/2. Suppose 4*a = n, -b - 2 = 4*b - 4*a. What is the tens digit of ((-6)/12)/(294/148 - b)?
3
Suppose -2*s = 5*t - 11, -3*s - 45 = -8*s + 5*t. Suppose 4*b = 11*y - s*y - 1169, 2*y = b + 776. What is the hundreds digit of y?
3
Let m = 30094 + -14940. What is the units digit of m?
4
Let p(o) = -o**3 - 15*o**2 - 2*o - 22. Suppose -2*a = -5*a + 15. Suppose -13 = a*x - 3, 3*x + 21 = -v. What is the units digit of p(v)?
8
What is the hundreds digit of (70 - 44)/((-6)/(-10470) - 0)?
3
What is the ten thousands digit of 138/483 - 333868/(-14)?
2
Suppose 29*z = 36*z - 4221. Let d = 855 - z. What is the hundreds digit of d?
2
Suppose 296*r = 22*r - 382604 + 4003514. What is the thousands digit of r?
3
Suppose 5*q = 2*f - 14, -f + q = 2*q - 21. Let i(w) = 5*w - 83. Let k be i(f). What is the tens digit of (k - 5 - -7) + 12?
1
Let w = 24673 - 10254. What is the units digit of w?
9
Suppose -4*t - b = t - 2903, 2*t = 2*b + 1154. Let q = -531 + t. What is the tens digit of q?
4
Let q be -2*2/8*-8. Let x be -10*q/((-16)/(-50)). Let a = x - -214. What is the units digit of a?
9
Let k be 10*14/105*(-1 - -4). Suppose -4*h = -k*a - 28, -h + 1 = 2*a + 9. Suppose n + 4*r - 8 = 2*n, -h*n - 5*r = -36. What is the units digit of n?
8
Let y(v) = -v**2 + 15*v + 8. Let t be y(16). Let q(o) = 2*o**2 + 10*o + 7. Let d be q(t). Let x = d - 29. What is the tens digit of x?
2
Let a(v) = -v + 8. Let x be a(5). Suppose -x*c + 2 = -2*c. Let u(w) = 14*w + 4. What is the units digit of u(c)?
2
Suppose 5*c = g + 11, -3*c - 2*g = -g - 13. Suppose 2*l - 4*d = -9*d + 30, 5*d = c*l + 5. Suppose l*k - 332 = 378. What is the units digit of k?
2
What is the hundreds digit of (684/(-8))/((51/108)/(-17))?
0
Suppose -18*j - 188 = 82. What is the hundreds digit of 17856/27 + 5/j?
6
Suppose u = 7*u. Let t be (7 - 2)*(-8 + 0 - -10). Suppose -t*s + 18*s - 1320 = u. What is the hundreds digit of s?
1
What is the tens digit of (-486)/(144/21 + -7)?
0
Suppose -11*a = 21*a - 15232. Let l = a - 63. What is the hundreds digit of l?
4
Suppose 4*b + 36 = -7*r + 3*r, -3*b - 11 = -5*r. Let z(p) = p**2 - 2*p - 14. Let s be z(b). Suppose u = n + s, 0*n - 51 = -u - n. What is the tens digit of u?
5
Suppose 5*n = 4*y + 7*n - 69348, -17355 = -y - 5*n. Suppose -y = -19*l + 1304. What is the units digit of l?
1
What is the tens digit of ((-2)/(-2)*-2 - 78/(-26)) + 8963?
6
Suppose -9*l = 543 + 1077. What is the hundreds digit of (50/6)/((-12)/l)?
1
Let n = -1258 + 559. Let z = n + 1192. What is the hundreds digit of z?
4
Suppose 2*j + 2*v + 133 + 33 = 0, -j + 3*v = 83. What is the units digit of j/4*(14 - 18)?
3
Suppose 117*o - 668985 - 1830377 - 862750 = 0. What is the units digit of o?
6
Let k = -2915 + 3641. What is the units digit of k?
6
Let l = 35615 - 14199. What is the tens digit of l?
1
Let b(l) = -20 - l**2 - 3*l**2 + 3*l**2 + 11*l - l. Let d be b(6). Suppose -d*k + 4*g = -412, 4*g = -2*k - 3*k + 497. What is the hundreds digit of k?
1
Suppose o + 12 = 28. Let y = 38 + o. What is the tens digit of y?
5
Suppose 423 = -10*s + 43. Let y be (2 + -2 + 0)/(s/19). What is the hundreds digit of (7 - 4) + y + 101?
1
Suppose -12 = 4*h - 8, 0 = -2*q + 2*h + 13502. What is the thousands digit of q?
6
Let z(l) = 7*l. Suppose 0 = 4*y - 88 + 40. Let u be z(y). Suppose -3*p = -351 - u. What is the hundreds digit of p?
1
Suppose -6*v = -9*v - 147. Let k = -38 - v. Suppose 0 = k*b - 86 - 24. What is the tens digit of b?
1
Let m = 143790 - 101493. What is the units digit of m?
7
Suppose -3*u - 10 + 131 = -2*q, 0 = 3*u + 4*q - 127. Suppose 0 = -u*n + 21555 - 7410. What is the hundreds digit of n?
3
Let j(b) = -2 - 3*b + 5*b - 2*b - 6*b. Let u be j(-1). Suppose u*i - c - 90 = 59, -2*c = -4*i + 150. What is the units digit of i?
7
Let x = -16862 + 24546. What is the tens digit of x?
8
Le